e remainder when t is divided by 19?
4
Calculate the remainder when 933 is divided by 3984/30 + (-8)/30*3.
9
Suppose 0 = -5*c - 4*s + 992, -29*c + 2*s = -25*c - 778. Let q = -65 + 74. Calculate the remainder when c is divided by q.
7
Let k(x) = 17*x + 722. What is the remainder when k(-25) is divided by (-12)/18 + (-94)/(-6)?
12
Let v = -1164 - -773. Let y = v + 438. Calculate the remainder when y is divided by 32.
15
Let x = -12175 + 12504. Calculate the remainder when 1013 is divided by x.
26
Let y(n) = 15*n + 5. Calculate the remainder when y(22) is divided by 13.
10
Let g = 732 + -350. Let v = g - 257. Let d(y) = 358*y + 3959. Calculate the remainder when v is divided by d(-11).
20
Calculate the remainder when (-1)/(-2*1/4 - (-2475)/5010) is divided by 66.
35
Suppose 392 = -105*x + 1757. Calculate the remainder when 180 is divided by x.
11
Suppose -16486 - 9422 = -4*f. Calculate the remainder when f is divided by 41.
40
Suppose 0 = -3*v + l - 5*l + 54, -l + 72 = 4*v. Let f(p) = -2*p**2 + v - 13*p - 41 + 24. What is the remainder when 62 is divided by f(-6)?
6
Let z(w) be the second derivative of -w**3 - 6*w**2 + w. Suppose -5*l + 324 = 59. What is the remainder when l is divided by z(-5)?
17
Let p(o) be the third derivative of -o**6/120 - o**5/60 + o**4/8 + o**3/2 - 10*o**2 + 2*o. What is the remainder when 50 is divided by p(0)?
2
Let n(j) = j**3 + 54*j**2 + 153*j + 16. Suppose -2*t + 144 = 3*s, -t = t + 5*s - 152. Let y = t + -10. Calculate the remainder when y is divided by n(-51).
8
Let p = 1631 - 895. Suppose 43*h - 27*h - p = 0. Calculate the remainder when 316 is divided by h.
40
Let p = 251 + -249. Suppose p*c = 2*v + 34, -83 = -3*c - 7*v + 2*v. What is the remainder when 61 is divided by c?
19
Suppose 4*u - 6*u + 6 = 0. Suppose 2*x - 105 = -u*x. Let g = -136 - -197. Calculate the remainder when g is divided by x.
19
Suppose 4*v = -4*y + 40, -3*v - 49 = -4*y - 4*v. Let z = 16 - y. Let n(r) = r**3 + 9*r**2 - 2*r - 7. Calculate the remainder when n(-9) is divided by z.
2
Suppose 2*i - 203 = -5*g, 516 = 60*i - 55*i + 4*g. Calculate the remainder when 4984 is divided by i.
96
Let p(q) = -q**3 + 39*q**2 + 205*q + 82. What is the remainder when p(42) is divided by 42?
40
Suppose -4*h = h - 25. Suppose 2*f - h*f = a - 157, 5*a = -5*f + 265. What is the remainder when f is divided by (-38)/16*(142 + -150)?
14
Suppose -25 = -p - 3*q, p + q = 29 - 4. Let u = p + -21. What is the remainder when 91 is divided by (-32)/(-10)*30/u?
19
What is the remainder when 146 is divided by (-2)/10*(-5330)/26?
23
What is the remainder when 1176 is divided by (-108)/5*(3/10 + 70/(-25))?
42
Let h be (-4)/10 + (-918)/(-45). Suppose -f + h + 9 = 0. Calculate the remainder when f is divided by ((-1)/3)/((-2)/48).
5
Suppose 48*j = 7694 + 6670 - 4860. What is the remainder when j is divided by 125?
73
Let d(a) = -a**3 + 8*a**2 + 49*a - 305. What is the remainder when d(8) is divided by 47?
40
Suppose -4*c - s + 1471 = -2*s, -2*s + 2 = 0. Calculate the remainder when c is divided by 94.
86
Suppose 0 = -3*m + 9, -5*d + 3*m = 5*m - 2216. What is the remainder when d is divided by 155?
132
Let u(d) = 7*d + 61. Let q be u(-18). Suppose 0*v = -4*v + 328. Let z = v + q. What is the remainder when 29 is divided by z?
12
Let p = 352 + -347. Suppose p*d + 198 = 23*d. Suppose 0 = -3*j + j + 58. What is the remainder when j is divided by d?
7
Suppose 0 = -4*u, 3*u - 64 = 5*j + 41. Calculate the remainder when 15 is divided by j/49 + (-48)/(-14).
0
Suppose 66 = 5*b - 49. Suppose 532 = -19*k + 2166. What is the remainder when k is divided by b?
17
Calculate the remainder when (48/8 - 9)/(3/623*-1) is divided by 106.
93
Let f(p) = -p**2 - 141*p - 931. Suppose b = 4*t - 9 + 41, -3*b = -4*t - 120. Suppose -b - 111 = -5*g. What is the remainder when g is divided by f(-7)?
3
Let x(h) = -h**3 - 18*h**2 + 3*h + 54. Let d be x(-18). Suppose c - 2*c + 2*q = -24, q + 3 = d. Calculate the remainder when c is divided by 10.
8
Suppose 13 = 2*w + 47. Let b = w + 33. Let u(i) = 3*i**2 + 5*i - 36. Calculate the remainder when u(-7) is divided by b.
12
Let o(l) = l**3 + 8*l**2 + 13*l + 4. Let p be o(-4). Let x(q) = 8*q - 6. Calculate the remainder when x(p) is divided by 25.
22
Let f(t) be the third derivative of 1/30*t**5 + 0*t + 1/6*t**4 - 1/6*t**3 - 7/120*t**6 + 0 + 15*t**2. Calculate the remainder when f(-3) is divided by 39.
38
Suppose -24*f + 518 = -394. Let o = f + -34. What is the remainder when 38 is divided by o?
2
Suppose 2*v - 128 = -2*v. What is the remainder when v is divided by 1/(3 - (-16 - (-1017)/54))?
2
Let o be (-24)/18*3/(-2). Suppose 3*v - 1 = -4*g + 25, o*g = 2*v + 6. Suppose -v*t - 7 = 5*k, 4*k + 29 = t - 0*k. What is the remainder when 16 is divided by t?
7
Suppose 0*j = -2*j + 6. Calculate the remainder when (26/(-8))/(10/(-40)) is divided by j.
1
Suppose 0 = 6*f - 13*f - 21. Calculate the remainder when (-22464)/(-135) - 4*f/(-30) is divided by 57.
52
Let l(u) = u**3 + 15*u**2 + 12*u + 9. Let d be (10/3 - (-9)/(-27)) + -2. Calculate the remainder when d/1 + (2 - 5) - -148 is divided by l(-14).
35
Let t be 187 + (5 + -14)/(-3). Let v = t - 132. Suppose 4*s = -12, d = 3*d - 2*s - v. What is the remainder when d is divided by 7?
5
Calculate the remainder when (-1030)/(-20) - 1*(-9)/6 is divided by 34.
19
Let x(b) = -b**2 - 13*b + 17. Let v be x(-14). What is the remainder when v/(-2 + 5)*324/2 is divided by ((-99)/27)/(2/(-18))?
30
Let s = 6427 + -6288. Calculate the remainder when s is divided by 124.
15
Suppose 473 = -9*r + 1877. Let q = r - 147. Suppose 2*s = -3*s + 220. What is the remainder when s is divided by q?
8
Suppose -4*b + 4 = 0, 2*g = -14*b + 9*b + 83. Calculate the remainder when 192 is divided by g.
36
Suppose -64 = 5*g - 2*b + 11, 0 = 3*g - 4*b + 45. Let v = 1 - g. Let k(h) = -h**2 + 17*h + 5. Calculate the remainder when 60 is divided by k(v).
18
Suppose 5*z = 5*t + 675, 5*z + t + 317 = 980. Suppose 0 = -3*k - x + z, -3*k + 2*x + x + 117 = 0. Calculate the remainder when 166 is divided by k.
37
Let n = 127 - 125. Suppose n*i = -3*x + 5, -2 = -x - 3*i - 12. What is the remainder when 132 is divided by x?
2
Calculate the remainder when 346 is divided by -1 - 40/(-5) - (-10)/2.
10
Suppose -2*s + 5*s - 5*l - 26 = 0, 2*s - 24 = 5*l. Suppose -4*z = -s*z - 24. Suppose 4*p - 88 + z = 0. What is the remainder when 51 is divided by p?
13
Let x be (-3 - (0 + -3))/4. Suppose x = -5*a + 6*a - 15. Let g = -19 - -43. What is the remainder when g is divided by a?
9
Let k(r) = -r + 45. Let x(f) = -f**3 + 6*f**2 - f + 27. Let y be x(6). Let h be y + (3 + 0)/(-3). Calculate the remainder when 173 is divided by k(h).
23
Let q(g) = -199*g + 1437. What is the remainder when q(7) is divided by 28?
16
Let c(z) = -5*z - 207. What is the remainder when 272 is divided by c(-45)?
2
Let t = 3 + 0. Suppose 21 = t*y - 15. Let n = 145558 + -145539. What is the remainder when n is divided by y?
7
Let v = 3288 - 3231. Calculate the remainder when 2961 is divided by v.
54
Let o(r) = -r**3 + 5*r**2 - 8*r + 44. What is the remainder when 3079 is divided by o(0)?
43
Let p(s) = s**2 + 6*s + 16. Suppose 6*a - a - 25 = 0. Suppose -a*l = l - 126. What is the remainder when l is divided by p(-4)?
5
Suppose -2*u = 16, -d + 94*u + 99 = 93*u. What is the remainder when d is divided by 88?
3
Suppose 10*i = 2*i + 2840. Suppose -5*a + z = -3*a - 179, -z = 4*a - i. Let u(y) = y**2 - 4*y - 9. Calculate the remainder when a is divided by u(8).
20
Let d(f) = 7 - 106*f - 111*f - 21 + 231*f. Let g = 1 + 2. Calculate the remainder when 82 is divided by d(g).
26
Suppose 4*z + 88 = 4*q, 0 = q + 32*z - 29*z - 30. Suppose y - 5*y + 572 = -2*v, 3*v + 148 = y. What is the remainder when y is divided by q?
22
Suppose -337 + 202 = 5*s. What is the remainder when 45/s*57/(-5) is divided by 10?
9
Suppose -5*j + 4329 + 13096 = 3*k, j + 29107 = 5*k. What is the remainder when k is divided by 224?
220
Let x(j) = 3*j**2 + 11*j - 13. Let i be x(4). Let y = i - 16. Let b(s) = 3*s**2 + 3*s - 2. What is the remainder when y is divided by b(-3)?
15
Let s = 15305 + -14929. What is the remainder when 767 is divided by s?
15
Suppose 5*d - 10 = m - 0*m, 0 = -3*m - 4*d - 49. Let v = -6 - m. Let n(i) = -i**3 + 10*i**2 - 5*i - 2